{"id":64690,"date":"2023-07-12T21:15:27","date_gmt":"2023-07-12T21:15:27","guid":{"rendered":"https:\/\/1045radiolatina.com\/wnrl\/?page_id=64690"},"modified":"2023-07-12T21:15:27","modified_gmt":"2023-07-12T21:15:27","slug":"defensor-de-audiencia","status":"publish","type":"page","link":"https:\/\/1045radiolatina.com\/wnrl\/defensor-de-audiencia\/","title":{"rendered":"Defensor de audiencia."},"content":{"rendered":"\n<p><strong>DEFENSOR DE AUDIENCIA IMAGEN RADIO<\/strong><\/p>\n\n\n\n<p>Imagen Radio Comercial, S.A. de C.V. (Imagen Radio), miembro de la C\u00e1mara Nacional de la Industria de la Radio y Televisi\u00f3n, en cumplimiento a lo dispuesto por los art\u00edculos 259, 260 y 261 de la Ley Federal de Telecomunicaciones y Radiodifusi\u00f3n (en adelante LFTR), pone a disposici\u00f3n del p\u00fablico los datos de contacto del Defensor de Audiencia ante quien, toda persona que teniendo derecho a ello, puede hacerle llegar sus reclamaciones, observaciones, quejas, sugerencias, peticiones o se\u00f1alamientos en ejercicio de sus derechos como audiencia, quien se ajustar\u00e1 a los criterios de imparcialidad e independencia, cuya prioridad ser\u00e1 la de hacer valer los derechos de las audiencias. Asimismo, por lo que respecta a lo dispuesto en el art\u00edculo 6 de la Ley Reglamentaria del art\u00edculo 6\u00b0, p\u00e1rrafo primero de la Constituci\u00f3n Pol\u00edtica de los Estados Unidos Mexicanos, en materia del Derecho de R\u00e9plica, el Defensor de Audiencias de Imagen Radio, es el responsable para recibir y resolver las solicitudes de r\u00e9plica realizadas por las personas que conforman la audiencia.<\/p>\n\n\n\n<p><strong>DATOS DEL DEFENSOR DE AUDIENCIA:<\/strong><\/p>\n\n\n\n<p><strong>Nombre:<br><\/strong>&nbsp;Lic.Alejandro S\u00e1nchez Ru\u00edz.<\/p>\n\n\n\n<p><strong>Direcci\u00f3n:<br><\/strong>Calle Idaho n\u00famero 14, Colonia N\u00e1poles, Alcald\u00eda Benito Ju\u00e1rez, C.P. 03810, Ciudad de M\u00e9xico, M\u00e9xico.<\/p>\n\n\n\n<p><strong>Correo Electr\u00f3nico:<br><\/strong>&nbsp;<a href=\"mailto:asanchez@sesmalaw.com.mx\">asanchez@sesmalaw.com.mx<\/a><\/p>\n\n\n\n<p><strong>Tel\u00e9fono:<br><\/strong>&nbsp;55 3095 3077<\/p>\n\n\n\n<p>Asimismo, se hace del conocimiento del p\u00fablico en general que, aquellas personas que formen parte de la audiencia y que tengan inter\u00e9s en realizar una reclamaci\u00f3n ante el Defensor de Audiencia, tendr\u00e1n siete d\u00edas h\u00e1biles posteriores a la emisi\u00f3n del programa de radio materia de la reclamaci\u00f3n y deber\u00e1 realizar la misma por escrito, indicando su nombre completo, domicilio, tel\u00e9fono y correo electr\u00f3nico, informaci\u00f3n que deber\u00e1 proporcionar a efecto de recibir una respuesta individualizada por parte del Defensor de Audiencia, dicha respuesta, ser\u00e1 emitida en un plazo m\u00e1ximo de veinte d\u00edas h\u00e1biles, lo anterior con fundamento en lo previsto por el art\u00edculo 261, segundo p\u00e1rrafo de la LFTR.<\/p>\n\n\n\n<p>Imagen Radio est\u00e1 comprometido con los radioescuchas a efecto de satisfacer sus derechos, brindando beneficios de la cultura, preservando la pluralidad y veracidad de la informaci\u00f3n, en fomento de los valores de identidad nacional; difundiendo contenidos de calidad que informen y entretengan, en donde toda opini\u00f3n, comentario, queja o sugerencia, es tomada en cuenta teniendo presente, en todo momento, a las personas que nos favorecen con su preferencia, siendo este el principal compromiso y misi\u00f3n del Defensor de Audiencias.<\/p>\n","protected":false},"excerpt":{"rendered":"<p>DEFENSOR DE AUDIENCIA IMAGEN RADIO Imagen Radio Comercial, S.A. de C.V. (Imagen Radio), miembro de la C\u00e1mara Nacional de la Industria de la Radio y Televisi\u00f3n, en cumplimiento a lo [&hellip;]<\/p>\n","protected":false},"author":1,"featured_media":0,"parent":0,"menu_order":0,"comment_status":"closed","ping_status":"closed","template":"","meta":{"tdm_status":"","tdm_grid_status":"","footnotes":""},"class_list":["post-64690","page","type-page","status-publish"],"amp_enabled":true,"_links":{"self":[{"href":"https:\/\/1045radiolatina.com\/wnrl\/wp-json\/wp\/v2\/pages\/64690","targetHints":{"allow":["GET"]}}],"collection":[{"href":"https:\/\/1045radiolatina.com\/wnrl\/wp-json\/wp\/v2\/pages"}],"about":[{"href":"https:\/\/1045radiolatina.com\/wnrl\/wp-json\/wp\/v2\/types\/page"}],"author":[{"embeddable":true,"href":"https:\/\/1045radiolatina.com\/wnrl\/wp-json\/wp\/v2\/users\/1"}],"replies":[{"embeddable":true,"href":"https:\/\/1045radiolatina.com\/wnrl\/wp-json\/wp\/v2\/comments?post=64690"}],"version-history":[{"count":2,"href":"https:\/\/1045radiolatina.com\/wnrl\/wp-json\/wp\/v2\/pages\/64690\/revisions"}],"predecessor-version":[{"id":64692,"href":"https:\/\/1045radiolatina.com\/wnrl\/wp-json\/wp\/v2\/pages\/64690\/revisions\/64692"}],"wp:attachment":[{"href":"https:\/\/1045radiolatina.com\/wnrl\/wp-json\/wp\/v2\/media?parent=64690"}],"curies":[{"name":"wp","href":"https:\/\/api.w.org\/{rel}","templated":true}]}}