{"id":61997,"date":"2022-01-07T13:36:08","date_gmt":"2022-01-07T21:36:08","guid":{"rendered":"https:\/\/1045radiolatina.com\/wnrl\/?page_id=61997"},"modified":"2024-12-04T21:37:13","modified_gmt":"2024-12-04T21:37:13","slug":"reglas-de-concursos","status":"publish","type":"page","link":"https:\/\/1045radiolatina.com\/wnrl\/reglas-de-concursos\/","title":{"rendered":"Reglas de Concursos"},"content":{"rendered":"\n<p>Concursantes deben ser mayores de 18 a\u00f1os para ser elegibles para participar en concursos al aire, online y eventos en persona.<\/p>\n\n\n\n<p>Si la promoci\u00f3n es patrocinada por alguna marca de bebida alcoh\u00f3lica o el evento requiere mayor\u00eda de edad, los ganadores deben ser mayores de 21 a\u00f1os y presentar identificaci\u00f3n.<\/p>\n\n\n\n<p>El ganador puede participar cada 30 d\u00edas en los concursos al aire. Si participa y es seleccionado ganador de nueva cuenta antes de los 30 d\u00edas su segundo premio queda autom\u00e1ticamente anulado (El primer premio es el considerado como ganador).<\/p>\n\n\n\n<p>Si llama a cabina y se desconecta la llamada por alguna causa t\u00e9cnica antes de solicitar nombre y datos de ganador, se tomar\u00e1 la llamada siguiente.<\/p>\n\n\n\n<p>S\u00f3lo un ganador por familia o domicilio. El ganador debe presentar identificaci\u00f3n con foto y direcci\u00f3n al asistir a nuestras oficinas para reclamar su premio. Su identificaci\u00f3n debe incluir el nombre correcto como se registraron para ganar y domicilio correspondiente que comprueben su identidad.<\/p>\n\n\n\n<p>Al recoger su premio el ganador debe revisar que su informaci\u00f3n sea correcta en la hoja de ganador, ponga fecha y firma. En esta hoja certifica su identidad y que esta conforme con esperar 30 para participar a partir de la fecha que gano y de acuerdo con nuestras reglas.<\/p>\n\n\n\n<p>Si su premio tiene vigencia debe recoger cuanto antes (antes de la fecha del evento). Si no tiene vigencia tienes dos semanas para reclamar su premio. Los premios no son transferibles y no se pueden cambiar o sustituir por otro premio.<\/p>\n\n\n\n<p>Si tenemos concurso con reglas adicionales o sujetas a restricciones por parte de patrocinadores las mismas ser\u00e1n publicadas en nuestra p\u00e1gina web, disponibles en nuestras oficinas o hasta estar incluidas en nuestros promos al aire.<\/p>\n\n\n\n<p>Ganadores de viajes deben contar con identificaci\u00f3n v\u00e1lida, documentos en regla para poder viajar y contar con tarjeta de cr\u00e9dito para gastos incidentales si la agencia o el concurso lo requieren.<\/p>\n\n\n\n<p>Radio Latina no se hace responsable si el evento, concierto, parque tem\u00e1tico o atracci\u00f3n son cancelados o cierran por cualquier motivo. En este caso no se otorgar\u00e1 ning\u00fan premio ya que esta fuera de nuestro control.&nbsp;<\/p>\n\n\n\n<p>Si participa en redes sociales siga las instrucciones establecidas para ganar, si participa en nuestra p\u00e1gina web solo un ganador por familia por concurso. Si concursa con nuestros locutores en sus redes sociales siga la regalas establecidas para participar. Es responsabilidad del participante y ganador confirmar que<\/p>\n\n\n\n<p>se registre con sus datos correctos y estar pendiente de su tel\u00e9fono, correo electr\u00f3nico o inbox (bandeja de mensajes) en caso de resultar ganadores. No nos hacemos responsables si no responden o los datos son incorrectos.<\/p>\n\n\n\n<p>Algunos premios son exclusivos para distribuci\u00f3n s\u00f3lo en territorio de los Estados Unidos incluyendo descargas de pel\u00edculas, c\u00f3digos digitales para ver pel\u00edculas en el cine, accesos para estrenos v\u00eda streaming o alg\u00fan concurso, evento y\/o paques tematicos que establezca que sea v\u00e1lido solo para residentes de California.<\/p>\n\n\n\n<p>Los premios no se env\u00edan a domicilio, se deben recoger en nuestras instalaciones. Nuestras oficinas est\u00e1n ubicadas en Chula Vista Center, 555 Broadway, Suite 2012, Chula Vista 91910<\/p>\n\n\n\n<p>Preguntas y detalles sobre premios llame al 619 856 9513 de lunes a viernes de 10am a 3pm<\/p>\n\n\n\n<p>Audio de llamadas y fotograf\u00edas capturadas por nuestro personal pueden ser utilizadas para campa\u00f1as promocionales de Radio Latina 104.5 sin fines de lucro. Ganadores autorizan que los correos electr\u00f3nicos puedan ser utilizados para contactarlos o recibir informaci\u00f3n de promociones de Radio Latina.<\/p>\n\n\n\n<p><strong>Nos reservamos el derecho de no entregar premios por romper nuestras reglas o discreci\u00f3n de nuestro departamento de promociones.<\/strong><\/p>\n","protected":false},"excerpt":{"rendered":"<p>Concursantes deben ser mayores de 18 a\u00f1os para ser elegibles para participar en concursos al aire, online y eventos en persona. Si la promoci\u00f3n es patrocinada por alguna marca de [&hellip;]<\/p>\n","protected":false},"author":4,"featured_media":0,"parent":0,"menu_order":0,"comment_status":"closed","ping_status":"closed","template":"","meta":{"tdm_status":"","tdm_grid_status":"","footnotes":""},"class_list":["post-61997","page","type-page","status-publish"],"amp_enabled":true,"_links":{"self":[{"href":"https:\/\/1045radiolatina.com\/wnrl\/wp-json\/wp\/v2\/pages\/61997","targetHints":{"allow":["GET"]}}],"collection":[{"href":"https:\/\/1045radiolatina.com\/wnrl\/wp-json\/wp\/v2\/pages"}],"about":[{"href":"https:\/\/1045radiolatina.com\/wnrl\/wp-json\/wp\/v2\/types\/page"}],"author":[{"embeddable":true,"href":"https:\/\/1045radiolatina.com\/wnrl\/wp-json\/wp\/v2\/users\/4"}],"replies":[{"embeddable":true,"href":"https:\/\/1045radiolatina.com\/wnrl\/wp-json\/wp\/v2\/comments?post=61997"}],"version-history":[{"count":5,"href":"https:\/\/1045radiolatina.com\/wnrl\/wp-json\/wp\/v2\/pages\/61997\/revisions"}],"predecessor-version":[{"id":66280,"href":"https:\/\/1045radiolatina.com\/wnrl\/wp-json\/wp\/v2\/pages\/61997\/revisions\/66280"}],"wp:attachment":[{"href":"https:\/\/1045radiolatina.com\/wnrl\/wp-json\/wp\/v2\/media?parent=61997"}],"curies":[{"name":"wp","href":"https:\/\/api.w.org\/{rel}","templated":true}]}}